rt -10117 (base 10) to base 12.
-5a31
a61 (base 13) to base 14
905
Convert 26416 (base 7) to base 10.
7069
What is -240344 (base 6) in base 11?
-14755
What is 1121 (base 6) in base 9?
324
What is -10485 (base 9) in base 5?
-210322
453 (base 7) to base 12
176
What is -112011 (base 4) in base 16?
-585
What is 3000 (base 4) in base 2?
11000000
What is -10001 (base 2) in base 4?
-101
What is 12004 (base 6) in base 10?
1732
What is -2901 (base 15) in base 9?
-13031
Convert -2646 (base 7) to base 6.
-4410
4556 (base 12) to base 11
5869
What is -127 (base 10) in base 2?
-1111111
What is 1042 (base 5) in base 15?
9c
-1001010100 (base 2) to base 11
-4a2
-8b (base 15) to base 8
-203
Convert -10055 (base 11) to base 5.
-432301
What is -1316 (base 8) in base 3?
-222121
131c (base 15) to base 9
5530
What is 148 (base 15) in base 14?
16d
-12160 (base 10) to base 14
-4608
-1242031 (base 5) to base 11
-17571
564 (base 14) to base 15
4b3
-705 (base 12) to base 16
-3f5
What is 3258 (base 13) in base 11?
5296
-101 (base 2) to base 8
-5
Convert -2121 (base 3) to base 5.
-240
Convert -5e6 (base 15) to base 10.
-1341
110444 (base 5) to base 6
25534
701 (base 10) to base 16
2bd
What is -7436 (base 9) in base 2?
-1010101010100
Convert a97 (base 14) to base 4.
200231
What is 11a (base 14) in base 9?
264
10bf (base 16) to base 5
114122
What is -110111001 (base 2) in base 6?
-2013
What is -3342 (base 6) in base 5?
-11112
1711 (base 13) to base 3
11122201
-2212011121 (base 3) to base 4
-31233001
Convert -20b (base 15) to base 2.
-111001101
What is 63170 (base 8) in base 14?
97ba
What is -1c1 (base 13) in base 9?
-402
Convert -14441 (base 5) to base 2.
-10011011110
22221 (base 4) to base 10
681
Convert -400521 (base 6) to base 12.
-16141
34 (base 8) to base 3
1001
What is 10657 (base 10) in base 3?
112121201
Convert -4113 (base 6) to base 12.
-639
333233 (base 4) to base 11
3079
Convert 211220 (base 3) to base 10.
618
Convert 1a7 (base 12) to base 6.
1131
Convert -16050 (base 8) to base 12.
-4208
Convert 208a (base 13) to base 11.
3429
351 (base 10) to base 14
1b1
1000101010101110 (base 2) to base 5
2114002
Convert -3d5 (base 14) to base 8.
-1407
-30c (base 13) to base 2
-1000000111
614 (base 8) to base 10
396
What is a605 (base 14) in base 8?
67715
What is -1000001111010 (base 2) in base 3?
-12210020
Convert 1100 (base 7) to base 3.
112112
What is 177d (base 15) in base 13?
23cb
What is 17e (base 15) in base 16?
158
Convert 10111220 (base 3) to base 11.
1a1a
-1b (base 13) to base 14
-1a
What is c489 (base 15) in base 14?
111c5
Convert -87d (base 15) to base 10.
-1918
-41220 (base 5) to base 14
-d9b
What is -303322 (base 4) in base 8?
-6372
-35260 (base 8) to base 3
-202121110
What is 35172 (base 8) in base 14?
5654
-13244 (base 7) to base 14
-1424
-7738 (base 9) to base 10
-5705
-111111010110 (base 2) to base 16
-fd6
155355 (base 6) to base 10
15479
What is 23222 (base 4) in base 2?
1011101010
Convert -42d (base 16) to base 4.
-100231
What is -1313 (base 10) in base 15?
-5c8
113 (base 4) to base 12
1b
15661 (base 10) to base 3
210111001
122284 (base 9) to base 12
368b7
-12466 (base 8) to base 15
-1920
Convert -11203 (base 4) to base 3.
-111011
Convert -8ca (base 15) to base 13.
-ba1
Convert 537 (base 14) to base 9.
1363
Convert 1102011 (base 4) to base 8.
12205
-23123 (base 4) to base 13
-443
Convert -97aa (base 11) to base 14.
-4a0a
What is 22121120 (base 3) in base 9?
8546
What is -2150 (base 6) in base 5?
-3443
-2389 (base 11) to base 12
-1982
What is 2677 (base 16) in base 13?
4636
What is -5480 (base 14) in base 10?
-14616
332122 (base 5) to base 14
42c1
Convert 1174 (base 8) to base 2.
1001111100
What is -2857 (base 14) in base 8?
-15735
Convert 600 (base 15) to base 10.
1350
Convert -130555 (base 6) to base 9.
-17258
-7542 (base 8) to base 11
-2a60
4055 (base 9) to base 11
2257
What is 610 (base 11) in base 2?
1011100001
Convert -10402 (base 5) to base 7.
-2056
What is 101111100 (base 2) in base 10?
380
Convert -10766 (base 8) to base 13.
-2129
-10c1 (base 14) to base 2
-101101100001
993 (base 16) to base 8
4623
Convert -143011 (base 5) to base 6.
-43450
Convert -38768 (base 9) to base 8.
-63040
1000100110010 (base 2) to base 3
20001001
-1010010111 (base 2) to base 6
-3023
What is -471 (base 9) in base 12?
-284
Convert 30707 (base 8) to base 16.
31c7
Convert ae6 (base 15) to base 5.
34331
-460 (base 7) to base 8
-356
-27b8 (base 15) to base 2
-10000100110010
43163 (base 8) to base 5
1034120
Convert 11100101 (base 2) to base 4.
3211
-10a (base 16) to base 13
-176
Convert cc37 (base 13) to base 11.
1a403
1100101 (base 4) to base 9
7037
-69d (base 16) to base 11
-12aa
-130431 (base 5) to base 10
-5116
What is 1053 (base 11) in base 6?
10233
What is 1d (base 15) in base 13?
22
What is 61bb (base 12) in base 7?
43031
What is 1960 (base 15) in base 14?
2002
4046 (base 8) to base 3
2212021
Convert -140201 (base 6) to base 15.
-3cdd
Convert 4c69 (base 13) to base 16.
2a97
What is -293 (base 10) in base 16?
-125
-2683 (base 15) to base 14
-2dd5
Convert 16780 (base 9) to base 11.
8772
14403 (base 6) to base 5
33212
-22 (base 10) to base 7
-31
Convert -10236 (base 7) to base 16.
-9de
42751 (base 8) to base 16
45e9
What is -21201 (base 3) in base 16?
-d0
What is -505 (base 8) in base 10?
-325
122010 (base 4) to base 3
2021210
Convert 1002 (base 3) to base 15.
1e
1574 (base 12) to base 2
100111101000
1000001001 (base 2) to base 16
209
What is -12311 (base 10) in base 8?
-30027
What is 534 (base 14) in base 9?
1360
Convert -9123 (base 14) to base 13.
-b462
22045 (base 12) to base 14
1256d
Convert -1101 (base 3) to base 12.
-31
What is 1520 (base 6) in base 13?
255
What is 16546 (base 9) in base 10?
11382
What is 2969 (base 12) in base 3?
20122000
What is 11012 (base 11) in base 10?
15985
Convert 16634 (base 10) to base 11.
11552
-132 (base 14) to base 10
-240
Convert 667 (base 16) to base 13.
991
Convert -513 (base 13) to base 14.
-457
35316 (base 10) to base 3
1210110000
696 (base 14) to base 5
20213
What is -12a54 (base 13) in base 5?
-2102324
What is -11212 (base 3) in base 15?
-8b
-52 (base 9) to base 15
-32
1200100 (base 3) to base 6
5400
What is -21020101 (base 3) in base 11?
-3a66
10033132 (base 4) to base 9
25744
What is 516 (base 7) in base 9?
316
What is -103 (base 11) in base 15?
-84
-2411 (base 11) to base 15
-e08
-a5d (base 16) to base 11
-1aa2
b2b (base 12) to base 4
121103
What is 563 (base 10) in base 3?
202212
Convert -2031332 (base 4) to base 8.
-21576
4673 (base 14) to base 7
50503
What is -132312 (base 4) in base 16?
-7b6
e7 (base 16) to base 9
276
1000031 (base 4) to base 3
12122012
What is 10000010000 (base 2) in base 10?
1040
Convert -11211 (base 4) to base 12.
-259
What is -2978 (base 12) in base 2?
-1001011101100
Convert -110000010 (base 2) to base 15.
-1ab
-5213 (base 6) to base 12
-809
What is -76b7 (base 16) in base 15?
-9011
What is 21ba (base 12) in base 11?
28a2
Convert -21211 (base 3) to base 11.
-182
What is -473 (base 11) in base 9?
-686
What is 100101 (base 2) in base 16?
25
What is -10142 (base 6) in base 2?
-10101001110
Convert -3546 (base 11) to base 14.
-19a0
What is -10200102 (base 3) in base 4?
-221330
Convert 64274 (base 9) to base 15.
c8e1
199 (base 12) to base 14
149
Convert 10033310 (base 5) to base 4.
103221013
20232 (base 4) to base 11
468
What is e58 (base 16) in base 11?
2839
What is 2287 (base 13) in base 6?
34231
3330201 (base 4) to base 7
65055
6150 (base 10) to base 13
2a51
-236 (base 10) to base 7
-455
What is -100112 (base 4) in base 15?
-49b
-11010100 (base 2) to base 5
-1322
Convert 789 (base 15) to base 6.
11520
Convert -5a52 (base 13) to base 8.
-30706
Convert 331534 (base 6) to base 11.
19842
Convert -3445 (base 7) to base 16.
-4ea
Convert 16dc (base 16) to base 3.
22000202
What is 10110010 (base 2) in base 7?
343
Convert -5100 (base 6) to base 15.
-4e6
123 (base 4) to base 11
25
Convert 2546 (base 12) to base 4.
1002012
Convert 11231 (base 5) to base 8.
1460
What is -307 (base 14) in base 7?
-1510
What is 1c8a (base 13) in base 8?
10363
-10011111011 (base 2) to base 11
-a5a
What is -11320 (base 14) in base 2?
-1010001100110000
1907 (base 15) to base 8
12437
517 (base 14) to base 9
1332
What is -44042 (base 6) in 